. Let t(m) = -m**3 - 10*m**2 - 9*m - 15. Let a be t(-9). Give k(a).
3
Let f(x) = x**2 - 5*x + 1. Let w(g) = 6*g**2 - 25*g + 5. Let y(t) = 11*f(t) - 2*w(t). Let v be y(-5). Let a(j) = -12*j + j + 14*j - v. Give a(6).
17
Let p be 11/(5 + (-8)/2). Suppose -t - 3*k + 8 = 0, -4*t - 5*k = -0*k - p. Let z(s) = 12*s**2 + 23*s**2 + 1 + s - 20*s**2. Calculate z(t).
15
Let t(j) = 622*j - 30. Let s(b) = 565*b - 31. Let i(q) = 11*s(q) - 10*t(q). Calculate i(8).
-81
Let d(x) = 4*x + 4. Suppose 20 = 4*j - 5*s, 4*j + 0*s + 5*s = -20. Suppose 0 = -3*f - 3*m - 15, -4*m = -5*f - j*m + 2. Determine d(f).
-4
Suppose 4*h + 113*g = 118*g + 87, 110 = 5*h - 5*g. Let v(p) = p**3 - 22*p**2 - 22*p - 29. What is v(h)?
-6
Let x(g) be the second derivative of 23*g**3/6 - 3*g**2/2 + 3*g + 574. What is x(2)?
43
Let p be (92/(-28) - (-6)/21) + 4. Let h(f) = 3*f**2 + 2*f - 3. Let w(a) = a**3. Let u(c) = p*h(c) - w(c). Suppose 0 = -3*s + 3 + 3. Calculate u(s).
5
Let s(g) = g**3 - 29*g**2 + 55*g - 22. Let q be s(27). Let c(b) = -q*b + 6*b + 0 - 4. What is c(-6)?
-10
Let r = 839902 - 839894. Let x(c) = -4*c + 1. Let p(q) = 5*q - 1. Let z(f) = 3*p(f) + 4*x(f). Determine z(r).
-7
Suppose -5*n - 9*y = -4*y, 0 = -4*y - 16. Let d(b) be the third derivative of 0 - 1/20*b**5 - 1/6*b**3 + 0*b + 1/120*b**6 - 1/12*b**n + 3*b**2. Calculate d(2).
-9
Let x(o) = 2*o. Suppose -40 = 45*u + 50. Let q(h) = -5*h - 3. Let g(p) = p + 1. Let s(z) = 4*g(z) + q(z). Let v(n) = u*x(n) - 3*s(n). Calculate v(-5).
2
Let w be (-5 - -3) + 2*-1. Let z(o) = o + 3 + o**3 + 15522*o**2 + 15524*o**2 - 31042*o**2. What is z(w)?
-1
Let t(y) = 2*y + 4. Let q = 170 + -136. Let j = 26 - q. Determine t(j).
-12
Let m(z) = 3*z**3 - 4*z**2 + 12*z - 4. Let v(t) = -t**3 + 2*t**2 + 0*t - 21*t**2 + 2 - 4*t + 11*t**2 + 10*t**2. Let o(b) = -4*m(b) - 11*v(b). Give o(-5).
-11
Let d(b) = -b**2 - b + 12. Let l be ((-2)/(-5))/(3/165). Let m = 35 - l. Let i = -13 + m. What is d(i)?
12
Let o(b) = -6*b + 16719*b**3 + 8*b - 1 - 16720*b**3. Suppose 13 - 5 = -4*k. Determine o(k).
3
Let h(o) be the third derivative of -o**5/60 + 17*o**4/24 + 4*o**3/3 - 422*o**2. Suppose -4*k = 29 - 101. Give h(k).
-10
Let w = -443 - -445. Let c(q) = 4*q + w*q - 6*q + 6*q + 6 - 5*q. Give c(-11).
-5
Let b = -385 + 945. Let j be (2/5)/(28/b). Let x(c) = -4*c + 24. Let a be x(j). Let m(h) = -2*h - 11. Calculate m(a).
5
Let g(f) be the second derivative of f**4/4 - 53*f**3/6 + 29*f**2/2 + 978*f. Give g(17).
-5
Suppose 4*p + 0*w - 2*w - 152 = 0, 0 = w. Let k = -36 + p. Suppose -k*t - 26 = 4*z, 0 = -2*z + 5*z + 4*t + 22. Let b(r) = r + 13. Determine b(z).
7
Let y(n) = 1. Let w(u) = u - 4. Let r(s) = w(s) - 2*y(s). Let q = 257854 + -257854. Calculate r(q).
-6
Suppose -14*g = -16*g + 4. Let d be g/15 + 1144/195. Let w(b) = 4 - 4*b**2 + 5*b**3 + 2*b - 4*b**3 + 2*b - d. Calculate w(4).
14
Let d(t) = -9*t + 1. Let y(b) = -9*b + 4. Let m(h) = -4*d(h) + 5*y(h). Let k(r) = -4*r + 6. Let o(p) = 8*k(p) - 3*m(p). Calculate o(1).
-5
Let y(z) = -4 + 4 + 13*z + 8*z - 7 - 13*z. Let w be (-82)/(-12) + -1 - 6/(-36). Give y(w).
41
Suppose 4*f + 15*f + 114 = 0. Let y(n) = 7*n**3 + 3*n**2 - 5*n + 17. Let r(o) = 6*o**3 + 3*o**2 - 4*o + 15. Let l(x) = f*r(x) + 5*y(x). Calculate l(-4).
15
Let f(i) be the third derivative of i**7/5040 + i**6/360 + i**5/10 + 10*i**2. Let j(n) be the third derivative of f(n). Suppose y = 7*y + 12. Determine j(y).
0
Suppose -2*l + 0*l + 6*l = 0. Suppose -f = -l*a - a - 1, f - 3*a = 3. Let j(n) = -7*n + f*n + 0*n + 9*n. What is j(-1)?
-2
Let i(k) be the second derivative of 7/12*k**4 + 9/2*k**2 + 1/2*k**3 + 3*k - 13 + 1/20*k**5. Determine i(-7).
-12
Let s(d) = d + 9. Let k be (18/(-5))/((-4)/40*-2). Let q be (k/10)/((-30)/100). Suppose 3*f = 2*f - q. Determine s(f).
3
Suppose l + 15 = -2*y, -5*y - 6 = 144*l - 146*l. Let u(m) = 2 + m**3 + 8*m + 5*m**2 - 7 + 3*m**2. What is u(l)?
-12
Let s = 97 + -172. Let a = -73 - s. Let d(b) = 6*b - 21 + 13 + b**a + 8. Determine d(-4).
-8
Let y(b) = b**3 - b. Let r(o) = -5*o**3 + 3*o**2 - 2. Let z(d) = -r(d) - 6*y(d). Let a = -26 - -21. Give z(a).
22
Let u(i) be the first derivative of 15*i - 14 - 1/2*i**2. Determine u(11).
4
Let x(g) = 19*g**3 + 66*g**2 + 16*g - 4. Let v(h) = -39*h**3 - 132*h**2 - 34*h + 9. Let f(z) = -6*v(z) - 13*x(z). What is f(-5)?
-7
Let k = -3200 - -3197. Let f(o) = -9*o + 2. Calculate f(k).
29
Let l(a) be the first derivative of -a**3/3 - a**2 + 169*a - 2847. What is l(-14)?
1
Let t(q) = -q**2 - 11*q + 37. Let o(y) = y**2 - 58*y - 3399. Let d be o(-36). Determine t(d).
-23
Let f(n) = n**2 + 16*n + 57. Let t be (-15)/(-6)*-2 - 7. Calculate f(t).
9
Let b(o) = -o**3 - 5*o**2 + 5*o - 14. Suppose 5*d - 84 = 2*c, -5*d + 82 = 3*c - 4*c. Suppose -d*l + 21*l = -30. What is b(l)?
-8
Let p = 175 + -175. Suppose 5*q - 280 + 295 = p. Let w(n) = -2 + 0*n - 3*n - 2*n + 2*n. What is w(q)?
7
Let q(i) = i**2 + 10*i + 7. Let m be q(-11). Suppose 3*l - m = -6. Let u = l - 3. Let p(g) = -3*g - 1. What is p(u)?
-4
Let d(x) = -x**3 + x - 7. Suppose 25 = 8*m + 1. Let r(w) = 3*w**3 + 14*w**2 - 12*w - 2*w**m - 10*w**2. Let k be r(-6). Calculate d(k).
-7
Let t(u) = -87*u + 7. Suppose -165*p + 49 - 250 = 129. Calculate t(p).
181
Let g(m) = -m**2 - 3*m + 22. Suppose 3*n = -3*j + 12 - 45, -3*n + 6*j + 12 = 0. Give g(n).
4
Let o(q) be the first derivative of -q**3/3 - q**2 - q - 2. Let w(l) = -15*l + 13. Suppose 90 = 3*p + 87. Let k be w(p). What is o(k)?
-1
Let f(q) = 1007*q - 6 + 1012*q - 2018*q. Suppose 2*v = -v + 4*p + 27, 0 = 3*v + 2*p - 45. Suppose v + 8 = 3*h. Determine f(h).
1
Let k(n) be the first derivative of n**4/4 - 5*n**3/3 - 5*n**2/2 + 5*n - 963. What is k(6)?
11
Let g(d) = 3*d**2 + 3*d + 18. Let c(t) = -4*t**2 - 4*t - 18. Suppose -33*y = -7*y + 130. Let v(b) = y*g(b) - 4*c(b). Calculate v(0).
-18
Let d(g) = 4*g**3 - 2*g + 5. Suppose -3*t - 3*h - 20 = -4*t, 2*t + 4*h = 10. Let p(n) = 21*n**3 - n**2 - 9*n + 26. Let x(k) = t*d(k) - 2*p(k). Give x(2).
19
Let h(c) = -c**3 - 3*c**2 - 3*c + 2. Let k be 6/(-5)*(-35)/14. Suppose -k*p + 12 = 0, 4*p + p = 2*a + 26. What is h(a)?
11
Let z(q) = 10*q + 5. Let s(h) = 5*h + 2. Let i(r) = 7*s(r) - 3*z(r). Let l = -128 - -134. Suppose -7 - 17 = l*g. What is i(g)?
-21
Suppose 10 = -4*z + 2. Let r = -8 - -12. Let g(l) = r + 2 - 10 + 3*l**2 + 2*l + 3. Determine g(z).
7
Let h(q) = -q**2 + 17*q + 85. Let i be h(-4). Let a(u) = -59*u + 63. Let b be a(i). Let j(f) = -f**2 + 7*f - 6. Determine j(b).
6
Let m(b) be the first derivative of -b**4/4 + 7*b**3/3 - 2*b**2 - 5*b + 12375. Let i = -10 - -6. Let x be 1 - (-1 + 0 + i). What is m(x)?
7
Let n(z) be the third derivative of z**6/60 + 7*z**5/60 + z**4/6 - 5*z**3/6 - 4924*z**2. Give n(-3).
-8
Suppose 3*f - a - 38 = -30, 5*a = f - 12. Let g(q) be the second derivative of -12*q + 5/6*q**3 + 7/2*q**f - 1/12*q**4 + 0. Give g(7).
-7
Let v(m) = -14*m - 117. Let s(c) = 23*c + 175. Let z(q) = -5*s(q) - 8*v(q). Let l be z(17). Let r(n) = n**3 - 10*n**2 + 2*n - 16. Determine r(l).
4
Let v be ((-43)/(43/(-6)))/(6/4). Let z(k) be the first derivative of 1/4*k**v - k**3 - 4*k - 1/2*k**2 - 17. Calculate z(4).
8
Let d = -27599 - -27601. Let c(o) = -2*o**3 + 12*o**2 - 21*o + 4. Determine c(d).
-6
Let u(r) be the first derivative of -4*r + 3/2*r**2 - 1/3*r**3 - 18. Determine u(-3).
-22
Let j(m) = m**2 - 14*m - 22. Let v(a) = 5*a - 280. Let q be v(59). Calculate j(q).
-7
Let o be 4 - 11/(11/14). Let h(v) be the third derivative of -v**6/120 - 3*v**5/20 + v**4/3 - 10*v**3/3 + 2*v**2. Calculate h(o).
0
Let a be (-284)/(-40) + 4/(-40). Let k(y) = -y**2 - 2*y - 9. Calculate k(a).
-72
Suppose 156 = 18*y + 8*y. Let q(x) = -629 - 6*x + x**3 - 633 + 1907 - 636 - 5*x**2. Give q(y).
9
Let t(n) = 11*n - 1. Let f(b) = 6*b - 1. Let m(q) = 7*f(q) - 4*t(q). Suppose 6*d = 9*d + 8*d. Suppose -s + 2*p + 1 = d, 0 = -5*s + 5*p - 4*p - 13. What is m(s)?
3
Let c(y) be the second derivative of y**5/20 - 13*y**4/12 + 11*y**3/6 + 13*y**2/2 - y + 19. Determine c(12).
1
Let y(n) = -n**3 + 18*n**2 - 13*n - 41. Suppose -2*a = -2502 + 2468. What is y(a)?
27
Let r be -7 + 8 + -4 + 8. Suppose -r*w + k = -0*k - 19, w = 4*k + 19. Let i(a) = -2*a**2 + 4*a - 6. Determine i(w).
-12
Let q(s) = -s**3 - 12*s**2 + 4*s + 31. Let j be -11 - (-245)/21 - 152/12. Give q(j).
-17
Let b(c) = -45 + 73 - 25*